{"id":1031,"date":"2024-07-09T21:59:10","date_gmt":"2024-07-09T19:59:10","guid":{"rendered":"https:\/\/malumiwanga.com\/?page_id=1031"},"modified":"2024-10-09T21:13:08","modified_gmt":"2024-10-09T19:13:08","slug":"vrh-a","status":"publish","type":"page","link":"https:\/\/malumiwanga.com\/?page_id=1031","title":{"rendered":"Vrh &#8220;A&#8220;"},"content":{"rendered":"\n<p class=\"has-text-align-center\"><strong>7.7.2024<\/strong><\/p>\n\n\n\n<p class=\"has-text-align-center\">\u0160teniatka aj maminka HABIBI s\u00fa v poriadku. Prij\u00edmame rezerv\u00e1cie, niektor\u00e9 \u0161teniatka s\u00fa e\u0161te vo\u013en\u00e9. Spojenie HABIBI Perla Afriky &amp; Thabo CAKE CASPER DRAGONS OF HIGHLANDS.<\/p>\n\n\n\n<hr class=\"wp-block-separator has-alpha-channel-opacity\"\/>\n\n\n\n<p class=\"has-text-align-center\"><strong>Fotenie &#8211; de\u0148 93<\/strong><\/p>\n\n\n<div class=\"wp-block-image\">\n<figure class=\"aligncenter size-large\"><img loading=\"lazy\" decoding=\"async\" width=\"1016\" height=\"1024\" src=\"https:\/\/malumiwanga.com\/wp-content\/uploads\/2024\/10\/IMG_5201-1016x1024.jpg\" alt=\"\" class=\"wp-image-1827\" srcset=\"https:\/\/malumiwanga.com\/wp-content\/uploads\/2024\/10\/IMG_5201-1016x1024.jpg 1016w, https:\/\/malumiwanga.com\/wp-content\/uploads\/2024\/10\/IMG_5201-298x300.jpg 298w, https:\/\/malumiwanga.com\/wp-content\/uploads\/2024\/10\/IMG_5201-150x150.jpg 150w, https:\/\/malumiwanga.com\/wp-content\/uploads\/2024\/10\/IMG_5201-768x774.jpg 768w, https:\/\/malumiwanga.com\/wp-content\/uploads\/2024\/10\/IMG_5201-1524x1536.jpg 1524w, https:\/\/malumiwanga.com\/wp-content\/uploads\/2024\/10\/IMG_5201.jpg 1968w\" sizes=\"auto, (max-width: 1016px) 100vw, 1016px\" \/><\/figure>\n<\/div>\n\n<div class=\"wp-block-image\">\n<figure class=\"aligncenter size-large\"><img loading=\"lazy\" decoding=\"async\" width=\"1024\" height=\"775\" src=\"https:\/\/malumiwanga.com\/wp-content\/uploads\/2024\/10\/IMG_5202-1024x775.jpg\" alt=\"\" class=\"wp-image-1828\" srcset=\"https:\/\/malumiwanga.com\/wp-content\/uploads\/2024\/10\/IMG_5202-1024x775.jpg 1024w, https:\/\/malumiwanga.com\/wp-content\/uploads\/2024\/10\/IMG_5202-300x227.jpg 300w, https:\/\/malumiwanga.com\/wp-content\/uploads\/2024\/10\/IMG_5202-768x581.jpg 768w, https:\/\/malumiwanga.com\/wp-content\/uploads\/2024\/10\/IMG_5202-1536x1162.jpg 1536w, https:\/\/malumiwanga.com\/wp-content\/uploads\/2024\/10\/IMG_5202-2048x1550.jpg 2048w\" sizes=\"auto, (max-width: 1024px) 100vw, 1024px\" \/><\/figure>\n<\/div>\n\n\n<p class=\"has-text-align-center\"><strong>M\u0148am m\u0148am \ud83e\udd70<\/strong><\/p>\n\n\n\n<figure class=\"wp-block-video aligncenter\"><video height=\"720\" style=\"aspect-ratio: 1280 \/ 720;\" width=\"1280\" controls src=\"https:\/\/malumiwanga.com\/wp-content\/uploads\/2024\/10\/lv_0_20241009183549.mp4\"><\/video><\/figure>\n\n\n\n<hr class=\"wp-block-separator has-alpha-channel-opacity\"\/>\n\n\n\n<p class=\"has-text-align-center\"><strong>Fotenie &#8211; de\u0148 79<\/strong><\/p>\n\n\n<div class=\"wp-block-image\">\n<figure class=\"aligncenter size-large\"><img loading=\"lazy\" decoding=\"async\" width=\"1024\" height=\"683\" src=\"https:\/\/malumiwanga.com\/wp-content\/uploads\/2024\/09\/4-1024x683.jpg\" alt=\"\" class=\"wp-image-1775\" srcset=\"https:\/\/malumiwanga.com\/wp-content\/uploads\/2024\/09\/4-1024x683.jpg 1024w, https:\/\/malumiwanga.com\/wp-content\/uploads\/2024\/09\/4-300x200.jpg 300w, https:\/\/malumiwanga.com\/wp-content\/uploads\/2024\/09\/4-768x512.jpg 768w, https:\/\/malumiwanga.com\/wp-content\/uploads\/2024\/09\/4-1536x1024.jpg 1536w, https:\/\/malumiwanga.com\/wp-content\/uploads\/2024\/09\/4-2048x1365.jpg 2048w\" sizes=\"auto, (max-width: 1024px) 100vw, 1024px\" \/><\/figure>\n<\/div>\n\n\n<hr class=\"wp-block-separator has-alpha-channel-opacity\"\/>\n\n\n\n<p class=\"has-text-align-center\"><strong>Fotenie &#8211; de\u0148 52<\/strong><\/p>\n\n\n<div class=\"wp-block-image\">\n<figure class=\"aligncenter size-large\"><img loading=\"lazy\" decoding=\"async\" width=\"683\" height=\"1024\" src=\"https:\/\/malumiwanga.com\/wp-content\/uploads\/2024\/09\/2862c65d-1949-4c65-bfd4-a0d4dbc3b4f7-683x1024.jpg\" alt=\"\" class=\"wp-image-1703\" srcset=\"https:\/\/malumiwanga.com\/wp-content\/uploads\/2024\/09\/2862c65d-1949-4c65-bfd4-a0d4dbc3b4f7-683x1024.jpg 683w, https:\/\/malumiwanga.com\/wp-content\/uploads\/2024\/09\/2862c65d-1949-4c65-bfd4-a0d4dbc3b4f7-200x300.jpg 200w, https:\/\/malumiwanga.com\/wp-content\/uploads\/2024\/09\/2862c65d-1949-4c65-bfd4-a0d4dbc3b4f7-768x1152.jpg 768w, https:\/\/malumiwanga.com\/wp-content\/uploads\/2024\/09\/2862c65d-1949-4c65-bfd4-a0d4dbc3b4f7-1024x1536.jpg 1024w, https:\/\/malumiwanga.com\/wp-content\/uploads\/2024\/09\/2862c65d-1949-4c65-bfd4-a0d4dbc3b4f7.jpg 1216w\" sizes=\"auto, (max-width: 683px) 100vw, 683px\" \/><\/figure>\n<\/div>\n\n<div class=\"wp-block-image\">\n<figure class=\"aligncenter size-large\"><img loading=\"lazy\" decoding=\"async\" width=\"1024\" height=\"683\" src=\"https:\/\/malumiwanga.com\/wp-content\/uploads\/2024\/09\/IMG_4967-1024x683.jpg\" alt=\"\" class=\"wp-image-1722\" srcset=\"https:\/\/malumiwanga.com\/wp-content\/uploads\/2024\/09\/IMG_4967-1024x683.jpg 1024w, https:\/\/malumiwanga.com\/wp-content\/uploads\/2024\/09\/IMG_4967-300x200.jpg 300w, https:\/\/malumiwanga.com\/wp-content\/uploads\/2024\/09\/IMG_4967-768x512.jpg 768w, https:\/\/malumiwanga.com\/wp-content\/uploads\/2024\/09\/IMG_4967-1536x1024.jpg 1536w, https:\/\/malumiwanga.com\/wp-content\/uploads\/2024\/09\/IMG_4967-2048x1365.jpg 2048w\" sizes=\"auto, (max-width: 1024px) 100vw, 1024px\" \/><\/figure>\n<\/div>\n\n<div class=\"wp-block-image\">\n<figure class=\"aligncenter size-large\"><img loading=\"lazy\" decoding=\"async\" width=\"1024\" height=\"683\" src=\"https:\/\/malumiwanga.com\/wp-content\/uploads\/2024\/09\/IMG_5075-1024x683.jpg\" alt=\"\" class=\"wp-image-1723\" srcset=\"https:\/\/malumiwanga.com\/wp-content\/uploads\/2024\/09\/IMG_5075-1024x683.jpg 1024w, https:\/\/malumiwanga.com\/wp-content\/uploads\/2024\/09\/IMG_5075-300x200.jpg 300w, https:\/\/malumiwanga.com\/wp-content\/uploads\/2024\/09\/IMG_5075-768x512.jpg 768w, https:\/\/malumiwanga.com\/wp-content\/uploads\/2024\/09\/IMG_5075-1536x1024.jpg 1536w, https:\/\/malumiwanga.com\/wp-content\/uploads\/2024\/09\/IMG_5075-2048x1365.jpg 2048w\" sizes=\"auto, (max-width: 1024px) 100vw, 1024px\" \/><\/figure>\n<\/div>\n\n\n<hr class=\"wp-block-separator has-alpha-channel-opacity\"\/>\n\n\n\n<p class=\"has-text-align-center\"><strong>Fotenie &#8211; de\u0148 42<\/strong><\/p>\n\n\n<div class=\"wp-block-image\">\n<figure class=\"aligncenter size-large\"><img loading=\"lazy\" decoding=\"async\" width=\"1024\" height=\"626\" src=\"https:\/\/malumiwanga.com\/wp-content\/uploads\/2024\/08\/IMG_1178-1024x626.jpg\" alt=\"\" class=\"wp-image-1542\" srcset=\"https:\/\/malumiwanga.com\/wp-content\/uploads\/2024\/08\/IMG_1178-1024x626.jpg 1024w, https:\/\/malumiwanga.com\/wp-content\/uploads\/2024\/08\/IMG_1178-300x183.jpg 300w, https:\/\/malumiwanga.com\/wp-content\/uploads\/2024\/08\/IMG_1178-768x469.jpg 768w, https:\/\/malumiwanga.com\/wp-content\/uploads\/2024\/08\/IMG_1178-1536x938.jpg 1536w, https:\/\/malumiwanga.com\/wp-content\/uploads\/2024\/08\/IMG_1178-2048x1251.jpg 2048w\" sizes=\"auto, (max-width: 1024px) 100vw, 1024px\" \/><\/figure>\n<\/div>\n\n<div class=\"wp-block-image\">\n<figure class=\"aligncenter size-large\"><img loading=\"lazy\" decoding=\"async\" width=\"1024\" height=\"734\" src=\"https:\/\/malumiwanga.com\/wp-content\/uploads\/2024\/08\/IMG_1174-1024x734.jpg\" alt=\"\" class=\"wp-image-1540\" srcset=\"https:\/\/malumiwanga.com\/wp-content\/uploads\/2024\/08\/IMG_1174-1024x734.jpg 1024w, https:\/\/malumiwanga.com\/wp-content\/uploads\/2024\/08\/IMG_1174-300x215.jpg 300w, https:\/\/malumiwanga.com\/wp-content\/uploads\/2024\/08\/IMG_1174-768x550.jpg 768w, https:\/\/malumiwanga.com\/wp-content\/uploads\/2024\/08\/IMG_1174-1536x1100.jpg 1536w, https:\/\/malumiwanga.com\/wp-content\/uploads\/2024\/08\/IMG_1174-2048x1467.jpg 2048w\" sizes=\"auto, (max-width: 1024px) 100vw, 1024px\" \/><\/figure>\n<\/div>\n\n<div class=\"wp-block-image\">\n<figure class=\"aligncenter size-large\"><img loading=\"lazy\" decoding=\"async\" width=\"1024\" height=\"579\" src=\"https:\/\/malumiwanga.com\/wp-content\/uploads\/2024\/08\/IMG_1179-1024x579.jpg\" alt=\"\" class=\"wp-image-1543\" srcset=\"https:\/\/malumiwanga.com\/wp-content\/uploads\/2024\/08\/IMG_1179-1024x579.jpg 1024w, https:\/\/malumiwanga.com\/wp-content\/uploads\/2024\/08\/IMG_1179-300x170.jpg 300w, https:\/\/malumiwanga.com\/wp-content\/uploads\/2024\/08\/IMG_1179-768x435.jpg 768w, https:\/\/malumiwanga.com\/wp-content\/uploads\/2024\/08\/IMG_1179-1536x869.jpg 1536w, https:\/\/malumiwanga.com\/wp-content\/uploads\/2024\/08\/IMG_1179-2048x1159.jpg 2048w\" sizes=\"auto, (max-width: 1024px) 100vw, 1024px\" \/><\/figure>\n<\/div>\n\n\n<hr class=\"wp-block-separator has-alpha-channel-opacity\"\/>\n\n\n\n<p class=\"has-text-align-center\"><strong>Proste z\u00e1bava \ud83e\udd70 &#8211; De\u0148 37<\/strong><\/p>\n\n\n\n<figure class=\"wp-block-video aligncenter\"><video height=\"720\" style=\"aspect-ratio: 1280 \/ 720;\" width=\"1280\" controls src=\"https:\/\/malumiwanga.com\/wp-content\/uploads\/2024\/08\/YouCut_20240813_191130610.mp4\" playsinline><\/video><\/figure>\n\n\n\n<hr class=\"wp-block-separator has-alpha-channel-opacity\"\/>\n\n\n\n<p class=\"has-text-align-center\"><strong>M\u0148am m\u0148am<\/strong> <strong>&#8211; De\u0148 29.<\/strong><\/p>\n\n\n\n<figure class=\"wp-block-video aligncenter\"><video height=\"720\" style=\"aspect-ratio: 1280 \/ 720;\" width=\"1280\" controls src=\"https:\/\/malumiwanga.com\/wp-content\/uploads\/2024\/08\/Krmenie.mp4\"><\/video><\/figure>\n\n\n\n<hr class=\"wp-block-separator has-alpha-channel-opacity\"\/>\n\n\n\n<p class=\"has-text-align-center\"><strong>Hranie sa s bratmi &#8211; De\u0148 29.<\/strong><\/p>\n\n\n\n<figure class=\"wp-block-video aligncenter\"><video height=\"720\" style=\"aspect-ratio: 1280 \/ 720;\" width=\"1280\" controls src=\"https:\/\/malumiwanga.com\/wp-content\/uploads\/2024\/08\/hranie.mp4\"><\/video><\/figure>\n\n\n\n<hr class=\"wp-block-separator has-alpha-channel-opacity\"\/>\n\n\n<div class=\"wp-block-image\">\n<figure class=\"aligncenter size-large\"><img loading=\"lazy\" decoding=\"async\" width=\"1024\" height=\"636\" src=\"https:\/\/malumiwanga.com\/wp-content\/uploads\/2024\/08\/IMG_4845-1024x636.jpg\" alt=\"\" class=\"wp-image-1381\" srcset=\"https:\/\/malumiwanga.com\/wp-content\/uploads\/2024\/08\/IMG_4845-1024x636.jpg 1024w, https:\/\/malumiwanga.com\/wp-content\/uploads\/2024\/08\/IMG_4845-300x186.jpg 300w, https:\/\/malumiwanga.com\/wp-content\/uploads\/2024\/08\/IMG_4845-768x477.jpg 768w, https:\/\/malumiwanga.com\/wp-content\/uploads\/2024\/08\/IMG_4845-1536x953.jpg 1536w, https:\/\/malumiwanga.com\/wp-content\/uploads\/2024\/08\/IMG_4845.jpg 2046w\" sizes=\"auto, (max-width: 1024px) 100vw, 1024px\" \/><\/figure>\n<\/div>\n\n\n<hr class=\"wp-block-separator has-alpha-channel-opacity\"\/>\n\n\n\n<h2 class=\"wp-block-heading has-text-align-center\">Po kliknut\u00ed na fotku \u0161teniatka sa zobraz\u00ed gal\u00e9ria s inform\u00e1ciami<\/h2>\n\n\n\n<hr class=\"wp-block-separator has-alpha-channel-opacity\"\/>\n\n\n\n<h2 class=\"wp-block-heading has-text-align-center has-vivid-green-cyan-color has-text-color has-link-color wp-elements-c2b45b61a075dc1df8f6a5e6f0cbe665\">AKIN &#8211; p\u00e1n zelen\u00fd<\/h2>\n\n\n<div class=\"wp-block-image\">\n<figure class=\"aligncenter size-large\"><a href=\"https:\/\/malumiwanga.com\/?page_id=1074\"><img loading=\"lazy\" decoding=\"async\" width=\"1017\" height=\"1024\" src=\"https:\/\/malumiwanga.com\/wp-content\/uploads\/2024\/08\/IMG_1203-1017x1024.jpg\" alt=\"\" class=\"wp-image-1549\" srcset=\"https:\/\/malumiwanga.com\/wp-content\/uploads\/2024\/08\/IMG_1203-1017x1024.jpg 1017w, https:\/\/malumiwanga.com\/wp-content\/uploads\/2024\/08\/IMG_1203-298x300.jpg 298w, https:\/\/malumiwanga.com\/wp-content\/uploads\/2024\/08\/IMG_1203-150x150.jpg 150w, https:\/\/malumiwanga.com\/wp-content\/uploads\/2024\/08\/IMG_1203-768x773.jpg 768w, https:\/\/malumiwanga.com\/wp-content\/uploads\/2024\/08\/IMG_1203-1526x1536.jpg 1526w, https:\/\/malumiwanga.com\/wp-content\/uploads\/2024\/08\/IMG_1203-2034x2048.jpg 2034w\" sizes=\"auto, (max-width: 1017px) 100vw, 1017px\" \/><\/a><\/figure>\n<\/div>\n\n\n<hr class=\"wp-block-separator has-alpha-channel-opacity\"\/>\n\n\n\n<h2 class=\"wp-block-heading has-text-align-center has-cyan-bluish-gray-color has-text-color has-link-color wp-elements-29596ad055fff185c3746d59755aa6cc\">AZIZI &#8211; p\u00e1n \u0161ed\u00fd<\/h2>\n\n\n<div class=\"wp-block-image\">\n<figure class=\"aligncenter size-large\"><a href=\"https:\/\/malumiwanga.com\/?page_id=1085\"><img loading=\"lazy\" decoding=\"async\" width=\"1024\" height=\"683\" src=\"https:\/\/malumiwanga.com\/wp-content\/uploads\/2024\/09\/8-1024x683.jpg\" alt=\"\" class=\"wp-image-1771\" srcset=\"https:\/\/malumiwanga.com\/wp-content\/uploads\/2024\/09\/8-1024x683.jpg 1024w, https:\/\/malumiwanga.com\/wp-content\/uploads\/2024\/09\/8-300x200.jpg 300w, https:\/\/malumiwanga.com\/wp-content\/uploads\/2024\/09\/8-768x512.jpg 768w, https:\/\/malumiwanga.com\/wp-content\/uploads\/2024\/09\/8-1536x1024.jpg 1536w, https:\/\/malumiwanga.com\/wp-content\/uploads\/2024\/09\/8-2048x1365.jpg 2048w\" sizes=\"auto, (max-width: 1024px) 100vw, 1024px\" \/><\/a><\/figure>\n<\/div>\n\n\n<hr class=\"wp-block-separator has-alpha-channel-opacity\"\/>\n\n\n\n<h2 class=\"wp-block-heading has-text-align-center has-text-color has-link-color wp-elements-ea535bc068e1ac339882a3b207de4359\" style=\"color:#ee9a4d\">AMIR &#8211; p\u00e1n hned\u00fd<\/h2>\n\n\n<div class=\"wp-block-image\">\n<figure class=\"aligncenter size-large\"><a href=\"https:\/\/malumiwanga.com\/?page_id=1087\"><img loading=\"lazy\" decoding=\"async\" width=\"691\" height=\"1024\" src=\"https:\/\/malumiwanga.com\/wp-content\/uploads\/2024\/09\/7-691x1024.jpg\" alt=\"\" class=\"wp-image-1772\" srcset=\"https:\/\/malumiwanga.com\/wp-content\/uploads\/2024\/09\/7-691x1024.jpg 691w, https:\/\/malumiwanga.com\/wp-content\/uploads\/2024\/09\/7-202x300.jpg 202w, https:\/\/malumiwanga.com\/wp-content\/uploads\/2024\/09\/7-768x1139.jpg 768w, https:\/\/malumiwanga.com\/wp-content\/uploads\/2024\/09\/7-1036x1536.jpg 1036w, https:\/\/malumiwanga.com\/wp-content\/uploads\/2024\/09\/7-1381x2048.jpg 1381w, https:\/\/malumiwanga.com\/wp-content\/uploads\/2024\/09\/7-scaled.jpg 1727w\" sizes=\"auto, (max-width: 691px) 100vw, 691px\" \/><\/a><\/figure>\n<\/div>\n\n\n<hr class=\"wp-block-separator has-alpha-channel-opacity\"\/>\n\n\n\n<h2 class=\"wp-block-heading has-text-align-center has-text-color has-link-color wp-elements-3b2b1e66c6af9b7ca6b91ca5513bf7a9\" style=\"color:#00ff00\">AYO &#8211; p\u00e1n svetlozelen\u00fd<\/h2>\n\n\n<div class=\"wp-block-image\">\n<figure class=\"aligncenter size-large\"><a href=\"https:\/\/malumiwanga.com\/?page_id=1089\"><img loading=\"lazy\" decoding=\"async\" width=\"1024\" height=\"789\" src=\"https:\/\/malumiwanga.com\/wp-content\/uploads\/2024\/08\/IMG_1189-1024x789.jpg\" alt=\"\" class=\"wp-image-1548\" srcset=\"https:\/\/malumiwanga.com\/wp-content\/uploads\/2024\/08\/IMG_1189-1024x789.jpg 1024w, https:\/\/malumiwanga.com\/wp-content\/uploads\/2024\/08\/IMG_1189-300x231.jpg 300w, https:\/\/malumiwanga.com\/wp-content\/uploads\/2024\/08\/IMG_1189-768x592.jpg 768w, https:\/\/malumiwanga.com\/wp-content\/uploads\/2024\/08\/IMG_1189-1536x1184.jpg 1536w, https:\/\/malumiwanga.com\/wp-content\/uploads\/2024\/08\/IMG_1189-2048x1579.jpg 2048w\" sizes=\"auto, (max-width: 1024px) 100vw, 1024px\" \/><\/a><\/figure>\n<\/div>\n\n\n<hr class=\"wp-block-separator has-alpha-channel-opacity\"\/>\n","protected":false},"excerpt":{"rendered":"<p>7.7.2024 \u0160teniatka aj maminka HABIBI s\u00fa v poriadku. Prij\u00edmame rezerv\u00e1cie, niektor\u00e9 \u0161teniatka s\u00fa e\u0161te vo\u013en\u00e9. Spojenie HABIBI Perla Afriky &amp; Thabo CAKE CASPER DRAGONS OF HIGHLANDS. Fotenie &#8211; de\u0148 93 M\u0148am m\u0148am \ud83e\udd70 Fotenie &#8211; de\u0148 79 Fotenie &#8211; de\u0148 52 Fotenie &#8211; de\u0148 42 Proste z\u00e1bava \ud83e\udd70 &#8211; De\u0148 37 M\u0148am m\u0148am &#8211; De\u0148 [&hellip;]<\/p>\n","protected":false},"author":1,"featured_media":0,"parent":0,"menu_order":0,"comment_status":"closed","ping_status":"closed","template":"","meta":{"footnotes":""},"class_list":["post-1031","page","type-page","status-publish","hentry"],"_links":{"self":[{"href":"https:\/\/malumiwanga.com\/index.php?rest_route=\/wp\/v2\/pages\/1031","targetHints":{"allow":["GET"]}}],"collection":[{"href":"https:\/\/malumiwanga.com\/index.php?rest_route=\/wp\/v2\/pages"}],"about":[{"href":"https:\/\/malumiwanga.com\/index.php?rest_route=\/wp\/v2\/types\/page"}],"author":[{"embeddable":true,"href":"https:\/\/malumiwanga.com\/index.php?rest_route=\/wp\/v2\/users\/1"}],"replies":[{"embeddable":true,"href":"https:\/\/malumiwanga.com\/index.php?rest_route=%2Fwp%2Fv2%2Fcomments&post=1031"}],"version-history":[{"count":35,"href":"https:\/\/malumiwanga.com\/index.php?rest_route=\/wp\/v2\/pages\/1031\/revisions"}],"predecessor-version":[{"id":1838,"href":"https:\/\/malumiwanga.com\/index.php?rest_route=\/wp\/v2\/pages\/1031\/revisions\/1838"}],"wp:attachment":[{"href":"https:\/\/malumiwanga.com\/index.php?rest_route=%2Fwp%2Fv2%2Fmedia&parent=1031"}],"curies":[{"name":"wp","href":"https:\/\/api.w.org\/{rel}","templated":true}]}}