{"id":1990,"date":"2025-07-08T14:52:49","date_gmt":"2025-07-08T12:52:49","guid":{"rendered":"https:\/\/malumiwanga.com\/?page_id=1990"},"modified":"2025-07-08T16:16:46","modified_gmt":"2025-07-08T14:16:46","slug":"o-nas","status":"publish","type":"page","link":"https:\/\/malumiwanga.com\/?page_id=1990","title":{"rendered":"O n\u00e1s"},"content":{"rendered":"\n<p class=\"has-text-align-center\">Sme ofici\u00e1lne registrovan\u00e1 chovate\u013esk\u00e1 stanica &#8220;<strong>MALUMIWANGA<\/strong>&#8220; od roku 2023 v krajine <strong>Slovensko (SK)<\/strong><\/p>\n\n\n<div class=\"wp-block-image\">\n<figure class=\"aligncenter size-medium\"><a href=\"https:\/\/www.google.com\/maps\/place\/48%C2%B026'11.3%22N+17%C2%B059'09.4%22E\/@48.436465,17.985937,16z\/data=!4m4!3m3!8m2!3d48.436465!4d17.9859371?hl=sk-SK&amp;entry=ttu&amp;g_ep=EgoyMDI1MDYzMC4wIKXMDSoASAFQAw%3D%3D\" target=\"_blank\" rel=\" noreferrer noopener\"><img loading=\"lazy\" decoding=\"async\" width=\"300\" height=\"193\" src=\"https:\/\/malumiwanga.com\/wp-content\/uploads\/2024\/09\/asaaa-300x193.jpg\" alt=\"\" class=\"wp-image-1754\" srcset=\"https:\/\/malumiwanga.com\/wp-content\/uploads\/2024\/09\/asaaa-300x193.jpg 300w, https:\/\/malumiwanga.com\/wp-content\/uploads\/2024\/09\/asaaa-768x495.jpg 768w, https:\/\/malumiwanga.com\/wp-content\/uploads\/2024\/09\/asaaa.jpg 960w\" sizes=\"auto, (max-width: 300px) 100vw, 300px\" \/><\/a><\/figure>\n<\/div>\n\n\n<p class=\"has-text-align-center\">Spad\u00e1me pod spr\u00e1vu <strong>FCI <\/strong>(<a href=\"https:\/\/www.fci.be\/en\/affixes\/\" target=\"_blank\" rel=\"noreferrer noopener\">Federation Cynologique Internationale<\/a>), <strong>SKJ<\/strong> (<a href=\"https:\/\/skj.sk\/sk\/chovatelske-stanice-register\/\" target=\"_blank\" rel=\"noreferrer noopener\">Slovensk\u00e1 kynologick\u00e1 jednota<\/a>), SPZ (<a href=\"https:\/\/www.polovnictvo.sk\/kluby-spz\/kynologicke-kluby-so-sidlom-pri-spz\" target=\"_blank\" rel=\"noreferrer noopener\">Slovensk\u00fd Po\u013eovn\u00edcky Zv\u00e4z<\/a>), <strong>SKCHR<\/strong> (<a href=\"https:\/\/www.skchr.sk\/chovne-suky\" target=\"_blank\" rel=\"noreferrer noopener\">Slovensk\u00fd Klub Chovate\u013eov Ridgebackov<\/a>) a <strong>\u0160PVR SR<\/strong> (<a href=\"https:\/\/svps.sk\/\" target=\"_blank\" rel=\"noreferrer noopener\">\u0160t\u00e1tna veterin\u00e1rna a potravinov\u00e1 spr\u00e1va Slovenskej republiky<\/a>).<\/p>\n\n\n\n<p class=\"has-text-align-center\">R.\u010d. FCI 348\/23<\/p>\n\n\n<div class=\"wp-block-image\">\n<figure class=\"aligncenter size-large\"><img loading=\"lazy\" decoding=\"async\" width=\"1024\" height=\"735\" src=\"https:\/\/malumiwanga.com\/wp-content\/uploads\/2025\/07\/Chovka-1024x735.jpg\" alt=\"\" class=\"wp-image-1997\" srcset=\"https:\/\/malumiwanga.com\/wp-content\/uploads\/2025\/07\/Chovka-1024x735.jpg 1024w, https:\/\/malumiwanga.com\/wp-content\/uploads\/2025\/07\/Chovka-300x215.jpg 300w, https:\/\/malumiwanga.com\/wp-content\/uploads\/2025\/07\/Chovka-768x551.jpg 768w, https:\/\/malumiwanga.com\/wp-content\/uploads\/2025\/07\/Chovka.jpg 1213w\" sizes=\"auto, (max-width: 1024px) 100vw, 1024px\" \/><\/figure>\n<\/div>\n\n\n<p><\/p>\n","protected":false},"excerpt":{"rendered":"<p>Sme ofici\u00e1lne registrovan\u00e1 chovate\u013esk\u00e1 stanica &#8220;MALUMIWANGA&#8220; od roku 2023 v krajine Slovensko (SK) Spad\u00e1me pod spr\u00e1vu FCI (Federation Cynologique Internationale), SKJ (Slovensk\u00e1 kynologick\u00e1 jednota), SPZ (Slovensk\u00fd Po\u013eovn\u00edcky Zv\u00e4z), SKCHR (Slovensk\u00fd Klub Chovate\u013eov Ridgebackov) a \u0160PVR SR (\u0160t\u00e1tna veterin\u00e1rna a potravinov\u00e1 spr\u00e1va Slovenskej republiky). R.\u010d. FCI 348\/23<\/p>\n","protected":false},"author":1,"featured_media":0,"parent":0,"menu_order":0,"comment_status":"closed","ping_status":"closed","template":"","meta":{"footnotes":""},"class_list":["post-1990","page","type-page","status-publish","hentry"],"_links":{"self":[{"href":"https:\/\/malumiwanga.com\/index.php?rest_route=\/wp\/v2\/pages\/1990","targetHints":{"allow":["GET"]}}],"collection":[{"href":"https:\/\/malumiwanga.com\/index.php?rest_route=\/wp\/v2\/pages"}],"about":[{"href":"https:\/\/malumiwanga.com\/index.php?rest_route=\/wp\/v2\/types\/page"}],"author":[{"embeddable":true,"href":"https:\/\/malumiwanga.com\/index.php?rest_route=\/wp\/v2\/users\/1"}],"replies":[{"embeddable":true,"href":"https:\/\/malumiwanga.com\/index.php?rest_route=%2Fwp%2Fv2%2Fcomments&post=1990"}],"version-history":[{"count":10,"href":"https:\/\/malumiwanga.com\/index.php?rest_route=\/wp\/v2\/pages\/1990\/revisions"}],"predecessor-version":[{"id":2015,"href":"https:\/\/malumiwanga.com\/index.php?rest_route=\/wp\/v2\/pages\/1990\/revisions\/2015"}],"wp:attachment":[{"href":"https:\/\/malumiwanga.com\/index.php?rest_route=%2Fwp%2Fv2%2Fmedia&parent=1990"}],"curies":[{"name":"wp","href":"https:\/\/api.w.org\/{rel}","templated":true}]}}