{"id":821,"date":"2024-03-05T19:05:23","date_gmt":"2024-03-05T18:05:23","guid":{"rendered":"https:\/\/malumiwanga.com\/?page_id=821"},"modified":"2024-03-05T19:14:05","modified_gmt":"2024-03-05T18:14:05","slug":"gentests","status":"publish","type":"page","link":"https:\/\/malumiwanga.com\/?page_id=821&lang=en","title":{"rendered":"Genetic tests"},"content":{"rendered":"\n<figure data-wp-context=\"{&quot;imageId&quot;:&quot;69def9815ec8a&quot;}\" data-wp-interactive=\"core\/image\" data-wp-key=\"69def9815ec8a\" class=\"wp-block-image size-large wp-lightbox-container\"><img loading=\"lazy\" decoding=\"async\" width=\"745\" height=\"1024\" data-wp-class--hide=\"state.isContentHidden\" data-wp-class--show=\"state.isContentVisible\" data-wp-init=\"callbacks.setButtonStyles\" data-wp-on--click=\"actions.showLightbox\" data-wp-on--load=\"callbacks.setButtonStyles\" data-wp-on-window--resize=\"callbacks.setButtonStyles\" src=\"https:\/\/malumiwanga.com\/wp-content\/uploads\/2024\/03\/Brown-745x1024.jpeg\" alt=\"\" class=\"wp-image-775\" srcset=\"https:\/\/malumiwanga.com\/wp-content\/uploads\/2024\/03\/Brown-745x1024.jpeg 745w, https:\/\/malumiwanga.com\/wp-content\/uploads\/2024\/03\/Brown-218x300.jpeg 218w, https:\/\/malumiwanga.com\/wp-content\/uploads\/2024\/03\/Brown-768x1056.jpeg 768w, https:\/\/malumiwanga.com\/wp-content\/uploads\/2024\/03\/Brown-1117x1536.jpeg 1117w, https:\/\/malumiwanga.com\/wp-content\/uploads\/2024\/03\/Brown-1489x2048.jpeg 1489w, https:\/\/malumiwanga.com\/wp-content\/uploads\/2024\/03\/Brown-scaled.jpeg 1861w\" sizes=\"auto, (max-width: 745px) 100vw, 745px\" \/><button\n\t\t\tclass=\"lightbox-trigger\"\n\t\t\ttype=\"button\"\n\t\t\taria-haspopup=\"dialog\"\n\t\t\taria-label=\"Zv\u00e4\u010d\u0161i\u0165\"\n\t\t\tdata-wp-init=\"callbacks.initTriggerButton\"\n\t\t\tdata-wp-on--click=\"actions.showLightbox\"\n\t\t\tdata-wp-style--right=\"state.imageButtonRight\"\n\t\t\tdata-wp-style--top=\"state.imageButtonTop\"\n\t\t>\n\t\t\t<svg xmlns=\"http:\/\/www.w3.org\/2000\/svg\" width=\"12\" height=\"12\" fill=\"none\" viewBox=\"0 0 12 12\">\n\t\t\t\t<path fill=\"#fff\" d=\"M2 0a2 2 0 0 0-2 2v2h1.5V2a.5.5 0 0 1 .5-.5h2V0H2Zm2 10.5H2a.5.5 0 0 1-.5-.5V8H0v2a2 2 0 0 0 2 2h2v-1.5ZM8 12v-1.5h2a.5.5 0 0 0 .5-.5V8H12v2a2 2 0 0 1-2 2H8Zm2-12a2 2 0 0 1 2 2v2h-1.5V2a.5.5 0 0 0-.5-.5H8V0h2Z\" \/>\n\t\t\t<\/svg>\n\t\t<\/button><\/figure>\n\n\n\n<figure data-wp-context=\"{&quot;imageId&quot;:&quot;69def9815f27b&quot;}\" data-wp-interactive=\"core\/image\" data-wp-key=\"69def9815f27b\" class=\"wp-block-image size-large wp-lightbox-container\"><img loading=\"lazy\" decoding=\"async\" width=\"745\" height=\"1024\" data-wp-class--hide=\"state.isContentHidden\" data-wp-class--show=\"state.isContentVisible\" data-wp-init=\"callbacks.setButtonStyles\" data-wp-on--click=\"actions.showLightbox\" data-wp-on--load=\"callbacks.setButtonStyles\" data-wp-on-window--resize=\"callbacks.setButtonStyles\" src=\"https:\/\/malumiwanga.com\/wp-content\/uploads\/2024\/03\/DM-745x1024.jpeg\" alt=\"\" class=\"wp-image-774\" srcset=\"https:\/\/malumiwanga.com\/wp-content\/uploads\/2024\/03\/DM-745x1024.jpeg 745w, https:\/\/malumiwanga.com\/wp-content\/uploads\/2024\/03\/DM-218x300.jpeg 218w, https:\/\/malumiwanga.com\/wp-content\/uploads\/2024\/03\/DM-768x1056.jpeg 768w, https:\/\/malumiwanga.com\/wp-content\/uploads\/2024\/03\/DM-1117x1536.jpeg 1117w, https:\/\/malumiwanga.com\/wp-content\/uploads\/2024\/03\/DM-1489x2048.jpeg 1489w, https:\/\/malumiwanga.com\/wp-content\/uploads\/2024\/03\/DM-scaled.jpeg 1861w\" sizes=\"auto, (max-width: 745px) 100vw, 745px\" \/><button\n\t\t\tclass=\"lightbox-trigger\"\n\t\t\ttype=\"button\"\n\t\t\taria-haspopup=\"dialog\"\n\t\t\taria-label=\"Zv\u00e4\u010d\u0161i\u0165\"\n\t\t\tdata-wp-init=\"callbacks.initTriggerButton\"\n\t\t\tdata-wp-on--click=\"actions.showLightbox\"\n\t\t\tdata-wp-style--right=\"state.imageButtonRight\"\n\t\t\tdata-wp-style--top=\"state.imageButtonTop\"\n\t\t>\n\t\t\t<svg xmlns=\"http:\/\/www.w3.org\/2000\/svg\" width=\"12\" height=\"12\" fill=\"none\" viewBox=\"0 0 12 12\">\n\t\t\t\t<path fill=\"#fff\" d=\"M2 0a2 2 0 0 0-2 2v2h1.5V2a.5.5 0 0 1 .5-.5h2V0H2Zm2 10.5H2a.5.5 0 0 1-.5-.5V8H0v2a2 2 0 0 0 2 2h2v-1.5ZM8 12v-1.5h2a.5.5 0 0 0 .5-.5V8H12v2a2 2 0 0 1-2 2H8Zm2-12a2 2 0 0 1 2 2v2h-1.5V2a.5.5 0 0 0-.5-.5H8V0h2Z\" \/>\n\t\t\t<\/svg>\n\t\t<\/button><\/figure>\n\n\n\n<figure data-wp-context=\"{&quot;imageId&quot;:&quot;69def9815f838&quot;}\" data-wp-interactive=\"core\/image\" data-wp-key=\"69def9815f838\" class=\"wp-block-image size-large wp-lightbox-container\"><img loading=\"lazy\" decoding=\"async\" width=\"745\" height=\"1024\" data-wp-class--hide=\"state.isContentHidden\" data-wp-class--show=\"state.isContentVisible\" data-wp-init=\"callbacks.setButtonStyles\" data-wp-on--click=\"actions.showLightbox\" data-wp-on--load=\"callbacks.setButtonStyles\" data-wp-on-window--resize=\"callbacks.setButtonStyles\" src=\"https:\/\/malumiwanga.com\/wp-content\/uploads\/2024\/03\/EOAD-745x1024.jpeg\" alt=\"\" class=\"wp-image-773\" srcset=\"https:\/\/malumiwanga.com\/wp-content\/uploads\/2024\/03\/EOAD-745x1024.jpeg 745w, https:\/\/malumiwanga.com\/wp-content\/uploads\/2024\/03\/EOAD-218x300.jpeg 218w, https:\/\/malumiwanga.com\/wp-content\/uploads\/2024\/03\/EOAD-768x1056.jpeg 768w, https:\/\/malumiwanga.com\/wp-content\/uploads\/2024\/03\/EOAD-1117x1536.jpeg 1117w, https:\/\/malumiwanga.com\/wp-content\/uploads\/2024\/03\/EOAD-1489x2048.jpeg 1489w, https:\/\/malumiwanga.com\/wp-content\/uploads\/2024\/03\/EOAD-scaled.jpeg 1861w\" sizes=\"auto, (max-width: 745px) 100vw, 745px\" \/><button\n\t\t\tclass=\"lightbox-trigger\"\n\t\t\ttype=\"button\"\n\t\t\taria-haspopup=\"dialog\"\n\t\t\taria-label=\"Zv\u00e4\u010d\u0161i\u0165\"\n\t\t\tdata-wp-init=\"callbacks.initTriggerButton\"\n\t\t\tdata-wp-on--click=\"actions.showLightbox\"\n\t\t\tdata-wp-style--right=\"state.imageButtonRight\"\n\t\t\tdata-wp-style--top=\"state.imageButtonTop\"\n\t\t>\n\t\t\t<svg xmlns=\"http:\/\/www.w3.org\/2000\/svg\" width=\"12\" height=\"12\" fill=\"none\" viewBox=\"0 0 12 12\">\n\t\t\t\t<path fill=\"#fff\" d=\"M2 0a2 2 0 0 0-2 2v2h1.5V2a.5.5 0 0 1 .5-.5h2V0H2Zm2 10.5H2a.5.5 0 0 1-.5-.5V8H0v2a2 2 0 0 0 2 2h2v-1.5ZM8 12v-1.5h2a.5.5 0 0 0 .5-.5V8H12v2a2 2 0 0 1-2 2H8Zm2-12a2 2 0 0 1 2 2v2h-1.5V2a.5.5 0 0 0-.5-.5H8V0h2Z\" \/>\n\t\t\t<\/svg>\n\t\t<\/button><\/figure>\n\n\n\n<figure data-wp-context=\"{&quot;imageId&quot;:&quot;69def9815fe5f&quot;}\" data-wp-interactive=\"core\/image\" data-wp-key=\"69def9815fe5f\" class=\"wp-block-image size-large wp-lightbox-container\"><img loading=\"lazy\" decoding=\"async\" width=\"745\" height=\"1024\" data-wp-class--hide=\"state.isContentHidden\" data-wp-class--show=\"state.isContentVisible\" data-wp-init=\"callbacks.setButtonStyles\" data-wp-on--click=\"actions.showLightbox\" data-wp-on--load=\"callbacks.setButtonStyles\" data-wp-on-window--resize=\"callbacks.setButtonStyles\" src=\"https:\/\/malumiwanga.com\/wp-content\/uploads\/2024\/03\/HemB-745x1024.jpeg\" alt=\"\" class=\"wp-image-772\" srcset=\"https:\/\/malumiwanga.com\/wp-content\/uploads\/2024\/03\/HemB-745x1024.jpeg 745w, https:\/\/malumiwanga.com\/wp-content\/uploads\/2024\/03\/HemB-218x300.jpeg 218w, https:\/\/malumiwanga.com\/wp-content\/uploads\/2024\/03\/HemB-768x1056.jpeg 768w, https:\/\/malumiwanga.com\/wp-content\/uploads\/2024\/03\/HemB-1117x1536.jpeg 1117w, https:\/\/malumiwanga.com\/wp-content\/uploads\/2024\/03\/HemB-1489x2048.jpeg 1489w, https:\/\/malumiwanga.com\/wp-content\/uploads\/2024\/03\/HemB-scaled.jpeg 1861w\" sizes=\"auto, (max-width: 745px) 100vw, 745px\" \/><button\n\t\t\tclass=\"lightbox-trigger\"\n\t\t\ttype=\"button\"\n\t\t\taria-haspopup=\"dialog\"\n\t\t\taria-label=\"Zv\u00e4\u010d\u0161i\u0165\"\n\t\t\tdata-wp-init=\"callbacks.initTriggerButton\"\n\t\t\tdata-wp-on--click=\"actions.showLightbox\"\n\t\t\tdata-wp-style--right=\"state.imageButtonRight\"\n\t\t\tdata-wp-style--top=\"state.imageButtonTop\"\n\t\t>\n\t\t\t<svg xmlns=\"http:\/\/www.w3.org\/2000\/svg\" width=\"12\" height=\"12\" fill=\"none\" viewBox=\"0 0 12 12\">\n\t\t\t\t<path fill=\"#fff\" d=\"M2 0a2 2 0 0 0-2 2v2h1.5V2a.5.5 0 0 1 .5-.5h2V0H2Zm2 10.5H2a.5.5 0 0 1-.5-.5V8H0v2a2 2 0 0 0 2 2h2v-1.5ZM8 12v-1.5h2a.5.5 0 0 0 .5-.5V8H12v2a2 2 0 0 1-2 2H8Zm2-12a2 2 0 0 1 2 2v2h-1.5V2a.5.5 0 0 0-.5-.5H8V0h2Z\" \/>\n\t\t\t<\/svg>\n\t\t<\/button><\/figure>\n\n\n\n<figure data-wp-context=\"{&quot;imageId&quot;:&quot;69def981603f0&quot;}\" data-wp-interactive=\"core\/image\" data-wp-key=\"69def981603f0\" class=\"wp-block-image size-large wp-lightbox-container\"><img loading=\"lazy\" decoding=\"async\" width=\"745\" height=\"1024\" data-wp-class--hide=\"state.isContentHidden\" data-wp-class--show=\"state.isContentVisible\" data-wp-init=\"callbacks.setButtonStyles\" data-wp-on--click=\"actions.showLightbox\" data-wp-on--load=\"callbacks.setButtonStyles\" data-wp-on-window--resize=\"callbacks.setButtonStyles\" src=\"https:\/\/malumiwanga.com\/wp-content\/uploads\/2024\/03\/JME-745x1024.jpeg\" alt=\"\" class=\"wp-image-771\" srcset=\"https:\/\/malumiwanga.com\/wp-content\/uploads\/2024\/03\/JME-745x1024.jpeg 745w, https:\/\/malumiwanga.com\/wp-content\/uploads\/2024\/03\/JME-218x300.jpeg 218w, https:\/\/malumiwanga.com\/wp-content\/uploads\/2024\/03\/JME-768x1056.jpeg 768w, https:\/\/malumiwanga.com\/wp-content\/uploads\/2024\/03\/JME-1117x1536.jpeg 1117w, https:\/\/malumiwanga.com\/wp-content\/uploads\/2024\/03\/JME-1489x2048.jpeg 1489w, https:\/\/malumiwanga.com\/wp-content\/uploads\/2024\/03\/JME-scaled.jpeg 1861w\" sizes=\"auto, (max-width: 745px) 100vw, 745px\" \/><button\n\t\t\tclass=\"lightbox-trigger\"\n\t\t\ttype=\"button\"\n\t\t\taria-haspopup=\"dialog\"\n\t\t\taria-label=\"Zv\u00e4\u010d\u0161i\u0165\"\n\t\t\tdata-wp-init=\"callbacks.initTriggerButton\"\n\t\t\tdata-wp-on--click=\"actions.showLightbox\"\n\t\t\tdata-wp-style--right=\"state.imageButtonRight\"\n\t\t\tdata-wp-style--top=\"state.imageButtonTop\"\n\t\t>\n\t\t\t<svg xmlns=\"http:\/\/www.w3.org\/2000\/svg\" width=\"12\" height=\"12\" fill=\"none\" viewBox=\"0 0 12 12\">\n\t\t\t\t<path fill=\"#fff\" d=\"M2 0a2 2 0 0 0-2 2v2h1.5V2a.5.5 0 0 1 .5-.5h2V0H2Zm2 10.5H2a.5.5 0 0 1-.5-.5V8H0v2a2 2 0 0 0 2 2h2v-1.5ZM8 12v-1.5h2a.5.5 0 0 0 .5-.5V8H12v2a2 2 0 0 1-2 2H8Zm2-12a2 2 0 0 1 2 2v2h-1.5V2a.5.5 0 0 0-.5-.5H8V0h2Z\" \/>\n\t\t\t<\/svg>\n\t\t<\/button><\/figure>\n\n\n\n<figure data-wp-context=\"{&quot;imageId&quot;:&quot;69def98160a01&quot;}\" data-wp-interactive=\"core\/image\" data-wp-key=\"69def98160a01\" class=\"wp-block-image size-large wp-lightbox-container\"><img loading=\"lazy\" decoding=\"async\" width=\"745\" height=\"1024\" data-wp-class--hide=\"state.isContentHidden\" data-wp-class--show=\"state.isContentVisible\" data-wp-init=\"callbacks.setButtonStyles\" data-wp-on--click=\"actions.showLightbox\" data-wp-on--load=\"callbacks.setButtonStyles\" data-wp-on-window--resize=\"callbacks.setButtonStyles\" src=\"https:\/\/malumiwanga.com\/wp-content\/uploads\/2024\/03\/Lokus-D-745x1024.jpeg\" alt=\"\" class=\"wp-image-770\" srcset=\"https:\/\/malumiwanga.com\/wp-content\/uploads\/2024\/03\/Lokus-D-745x1024.jpeg 745w, https:\/\/malumiwanga.com\/wp-content\/uploads\/2024\/03\/Lokus-D-218x300.jpeg 218w, https:\/\/malumiwanga.com\/wp-content\/uploads\/2024\/03\/Lokus-D-768x1056.jpeg 768w, https:\/\/malumiwanga.com\/wp-content\/uploads\/2024\/03\/Lokus-D-1117x1536.jpeg 1117w, https:\/\/malumiwanga.com\/wp-content\/uploads\/2024\/03\/Lokus-D-1489x2048.jpeg 1489w, https:\/\/malumiwanga.com\/wp-content\/uploads\/2024\/03\/Lokus-D-scaled.jpeg 1861w\" sizes=\"auto, (max-width: 745px) 100vw, 745px\" \/><button\n\t\t\tclass=\"lightbox-trigger\"\n\t\t\ttype=\"button\"\n\t\t\taria-haspopup=\"dialog\"\n\t\t\taria-label=\"Zv\u00e4\u010d\u0161i\u0165\"\n\t\t\tdata-wp-init=\"callbacks.initTriggerButton\"\n\t\t\tdata-wp-on--click=\"actions.showLightbox\"\n\t\t\tdata-wp-style--right=\"state.imageButtonRight\"\n\t\t\tdata-wp-style--top=\"state.imageButtonTop\"\n\t\t>\n\t\t\t<svg xmlns=\"http:\/\/www.w3.org\/2000\/svg\" width=\"12\" height=\"12\" fill=\"none\" viewBox=\"0 0 12 12\">\n\t\t\t\t<path fill=\"#fff\" d=\"M2 0a2 2 0 0 0-2 2v2h1.5V2a.5.5 0 0 1 .5-.5h2V0H2Zm2 10.5H2a.5.5 0 0 1-.5-.5V8H0v2a2 2 0 0 0 2 2h2v-1.5ZM8 12v-1.5h2a.5.5 0 0 0 .5-.5V8H12v2a2 2 0 0 1-2 2H8Zm2-12a2 2 0 0 1 2 2v2h-1.5V2a.5.5 0 0 0-.5-.5H8V0h2Z\" \/>\n\t\t\t<\/svg>\n\t\t<\/button><\/figure>\n\n\n\n<figure data-wp-context=\"{&quot;imageId&quot;:&quot;69def98160f4e&quot;}\" data-wp-interactive=\"core\/image\" data-wp-key=\"69def98160f4e\" class=\"wp-block-image size-large is-resized wp-lightbox-container\"><img loading=\"lazy\" decoding=\"async\" width=\"745\" height=\"1024\" data-wp-class--hide=\"state.isContentHidden\" data-wp-class--show=\"state.isContentVisible\" data-wp-init=\"callbacks.setButtonStyles\" data-wp-on--click=\"actions.showLightbox\" data-wp-on--load=\"callbacks.setButtonStyles\" data-wp-on-window--resize=\"callbacks.setButtonStyles\" src=\"https:\/\/malumiwanga.com\/wp-content\/uploads\/2024\/03\/MH-745x1024.jpeg\" alt=\"\" class=\"wp-image-769\" style=\"width:840px;height:auto\" srcset=\"https:\/\/malumiwanga.com\/wp-content\/uploads\/2024\/03\/MH-745x1024.jpeg 745w, https:\/\/malumiwanga.com\/wp-content\/uploads\/2024\/03\/MH-218x300.jpeg 218w, https:\/\/malumiwanga.com\/wp-content\/uploads\/2024\/03\/MH-768x1056.jpeg 768w, https:\/\/malumiwanga.com\/wp-content\/uploads\/2024\/03\/MH-1117x1536.jpeg 1117w, https:\/\/malumiwanga.com\/wp-content\/uploads\/2024\/03\/MH-1489x2048.jpeg 1489w, https:\/\/malumiwanga.com\/wp-content\/uploads\/2024\/03\/MH-scaled.jpeg 1861w\" sizes=\"auto, (max-width: 745px) 100vw, 745px\" \/><button\n\t\t\tclass=\"lightbox-trigger\"\n\t\t\ttype=\"button\"\n\t\t\taria-haspopup=\"dialog\"\n\t\t\taria-label=\"Zv\u00e4\u010d\u0161i\u0165\"\n\t\t\tdata-wp-init=\"callbacks.initTriggerButton\"\n\t\t\tdata-wp-on--click=\"actions.showLightbox\"\n\t\t\tdata-wp-style--right=\"state.imageButtonRight\"\n\t\t\tdata-wp-style--top=\"state.imageButtonTop\"\n\t\t>\n\t\t\t<svg xmlns=\"http:\/\/www.w3.org\/2000\/svg\" width=\"12\" height=\"12\" fill=\"none\" viewBox=\"0 0 12 12\">\n\t\t\t\t<path fill=\"#fff\" d=\"M2 0a2 2 0 0 0-2 2v2h1.5V2a.5.5 0 0 1 .5-.5h2V0H2Zm2 10.5H2a.5.5 0 0 1-.5-.5V8H0v2a2 2 0 0 0 2 2h2v-1.5ZM8 12v-1.5h2a.5.5 0 0 0 .5-.5V8H12v2a2 2 0 0 1-2 2H8Zm2-12a2 2 0 0 1 2 2v2h-1.5V2a.5.5 0 0 0-.5-.5H8V0h2Z\" \/>\n\t\t\t<\/svg>\n\t\t<\/button><\/figure>\n\n\n\n<figure data-wp-context=\"{&quot;imageId&quot;:&quot;69def98161486&quot;}\" data-wp-interactive=\"core\/image\" data-wp-key=\"69def98161486\" class=\"wp-block-image size-large wp-lightbox-container\"><img loading=\"lazy\" decoding=\"async\" width=\"745\" height=\"1024\" data-wp-class--hide=\"state.isContentHidden\" data-wp-class--show=\"state.isContentVisible\" data-wp-init=\"callbacks.setButtonStyles\" data-wp-on--click=\"actions.showLightbox\" data-wp-on--load=\"callbacks.setButtonStyles\" data-wp-on-window--resize=\"callbacks.setButtonStyles\" src=\"https:\/\/malumiwanga.com\/wp-content\/uploads\/2024\/03\/Ridge-745x1024.jpeg\" alt=\"\" class=\"wp-image-768\" srcset=\"https:\/\/malumiwanga.com\/wp-content\/uploads\/2024\/03\/Ridge-745x1024.jpeg 745w, https:\/\/malumiwanga.com\/wp-content\/uploads\/2024\/03\/Ridge-218x300.jpeg 218w, https:\/\/malumiwanga.com\/wp-content\/uploads\/2024\/03\/Ridge-768x1056.jpeg 768w, https:\/\/malumiwanga.com\/wp-content\/uploads\/2024\/03\/Ridge-1117x1536.jpeg 1117w, https:\/\/malumiwanga.com\/wp-content\/uploads\/2024\/03\/Ridge-1489x2048.jpeg 1489w, https:\/\/malumiwanga.com\/wp-content\/uploads\/2024\/03\/Ridge-scaled.jpeg 1861w\" sizes=\"auto, (max-width: 745px) 100vw, 745px\" \/><button\n\t\t\tclass=\"lightbox-trigger\"\n\t\t\ttype=\"button\"\n\t\t\taria-haspopup=\"dialog\"\n\t\t\taria-label=\"Zv\u00e4\u010d\u0161i\u0165\"\n\t\t\tdata-wp-init=\"callbacks.initTriggerButton\"\n\t\t\tdata-wp-on--click=\"actions.showLightbox\"\n\t\t\tdata-wp-style--right=\"state.imageButtonRight\"\n\t\t\tdata-wp-style--top=\"state.imageButtonTop\"\n\t\t>\n\t\t\t<svg xmlns=\"http:\/\/www.w3.org\/2000\/svg\" width=\"12\" height=\"12\" fill=\"none\" viewBox=\"0 0 12 12\">\n\t\t\t\t<path fill=\"#fff\" d=\"M2 0a2 2 0 0 0-2 2v2h1.5V2a.5.5 0 0 1 .5-.5h2V0H2Zm2 10.5H2a.5.5 0 0 1-.5-.5V8H0v2a2 2 0 0 0 2 2h2v-1.5ZM8 12v-1.5h2a.5.5 0 0 0 .5-.5V8H12v2a2 2 0 0 1-2 2H8Zm2-12a2 2 0 0 1 2 2v2h-1.5V2a.5.5 0 0 0-.5-.5H8V0h2Z\" \/>\n\t\t\t<\/svg>\n\t\t<\/button><\/figure>\n","protected":false},"excerpt":{"rendered":"","protected":false},"author":1,"featured_media":0,"parent":0,"menu_order":0,"comment_status":"closed","ping_status":"closed","template":"","meta":{"footnotes":""},"class_list":["post-821","page","type-page","status-publish","hentry"],"_links":{"self":[{"href":"https:\/\/malumiwanga.com\/index.php?rest_route=\/wp\/v2\/pages\/821","targetHints":{"allow":["GET"]}}],"collection":[{"href":"https:\/\/malumiwanga.com\/index.php?rest_route=\/wp\/v2\/pages"}],"about":[{"href":"https:\/\/malumiwanga.com\/index.php?rest_route=\/wp\/v2\/types\/page"}],"author":[{"embeddable":true,"href":"https:\/\/malumiwanga.com\/index.php?rest_route=\/wp\/v2\/users\/1"}],"replies":[{"embeddable":true,"href":"https:\/\/malumiwanga.com\/index.php?rest_route=%2Fwp%2Fv2%2Fcomments&post=821"}],"version-history":[{"count":4,"href":"https:\/\/malumiwanga.com\/index.php?rest_route=\/wp\/v2\/pages\/821\/revisions"}],"predecessor-version":[{"id":833,"href":"https:\/\/malumiwanga.com\/index.php?rest_route=\/wp\/v2\/pages\/821\/revisions\/833"}],"wp:attachment":[{"href":"https:\/\/malumiwanga.com\/index.php?rest_route=%2Fwp%2Fv2%2Fmedia&parent=821"}],"curies":[{"name":"wp","href":"https:\/\/api.w.org\/{rel}","templated":true}]}}